{"id":13533,"date":"2012-02-05T01:34:11","date_gmt":"2012-02-05T06:34:11","guid":{"rendered":"http:\/\/fraynelson.com\/blog\/?page_id=13533"},"modified":"2012-02-10T17:38:00","modified_gmt":"2012-02-10T22:38:00","slug":"venganza","status":"publish","type":"page","link":"https:\/\/fraynelson.com\/blog\/sabiduria\/venganza\/","title":{"rendered":"Venganza"},"content":{"rendered":"<p>Ojo por ojo, y el mundo acabar\u00e1 ciego. \u2013 Mahatma Gandhi<\/p>\n<p>No es posible tomar venganza de una villan\u00eda sino cometiendo otra. \u2013 P\u00e9trus Borel d\u2019Hauterive<\/p>\n<p>El magn\u00e1nimo, cuanto m\u00e1s poderoso es, menos se venga. \u2013 Oliva Sabuco<\/p>\n<p>En pol\u00edtica hay que sanar los males, jam\u00e1s vengarlos. \u2013 Napoleon Bonaparte<\/p>\n<p>Quien perdona pudiendo vengarse poco le falta para salvarse. \u2013 An\u00f3nima<\/p>\n<p>Yo no hablo de venganzas ni perdones, el olvido es la \u00fanica venganza y el \u00fanico perd\u00f3n. \u2013 Jorge Luis Borges<\/p>\n<p>Veng\u00e1ndose, uno se iguala a su enemigo; perdon\u00e1ndolo, se muestra superior a \u00e9l. \u2013 Sir Francis Bacon<\/p>\n<p>El verdadero modo de vengarse de un enemigo es no parec\u00e9rsele. \u2013 Marco Aurelio<\/p>\n<p>Una persona que quiere venganza guarda sus heridas abiertas. \u2013 Sir Francis Bacon<\/p>\n<p>Antes de empezar un viaje de venganza cava dos tumbas. \u2013 Confucio<\/p>\n<p><i>Deseas m\u00e1s <a href=\"https:\/\/fraynelson.com\/blog\/sabiduria\/\" title=\"Un Sorbo de Sabiduria\">sorbos de sabidur\u00eda<\/a>?<\/i><\/p>\n","protected":false},"excerpt":{"rendered":"<p>Ojo por ojo, y el mundo acabar\u00e1 ciego. \u2013 Mahatma Gandhi No es posible tomar venganza de una villan\u00eda sino cometiendo otra. \u2013 P\u00e9trus Borel d\u2019Hauterive El magn\u00e1nimo, cuanto m\u00e1s poderoso es, menos se venga. \u2013 Oliva Sabuco En pol\u00edtica hay que sanar los males, jam\u00e1s vengarlos. \u2013 Napoleon Bonaparte Quien perdona pudiendo vengarse poco &hellip; <\/p>\n<p class=\"link-more\"><a href=\"https:\/\/fraynelson.com\/blog\/sabiduria\/venganza\/\" class=\"more-link\">Continuar leyendo<span class=\"screen-reader-text\"> &#8220;Venganza&#8221;<\/span><\/a><\/p>\n","protected":false},"author":1138,"featured_media":0,"parent":12257,"menu_order":0,"comment_status":"closed","ping_status":"closed","template":"","meta":{"footnotes":""},"class_list":["post-13533","page","type-page","status-publish","hentry"],"_links":{"self":[{"href":"https:\/\/fraynelson.com\/blog\/wp-json\/wp\/v2\/pages\/13533","targetHints":{"allow":["GET"]}}],"collection":[{"href":"https:\/\/fraynelson.com\/blog\/wp-json\/wp\/v2\/pages"}],"about":[{"href":"https:\/\/fraynelson.com\/blog\/wp-json\/wp\/v2\/types\/page"}],"author":[{"embeddable":true,"href":"https:\/\/fraynelson.com\/blog\/wp-json\/wp\/v2\/users\/1138"}],"replies":[{"embeddable":true,"href":"https:\/\/fraynelson.com\/blog\/wp-json\/wp\/v2\/comments?post=13533"}],"version-history":[{"count":2,"href":"https:\/\/fraynelson.com\/blog\/wp-json\/wp\/v2\/pages\/13533\/revisions"}],"predecessor-version":[{"id":13628,"href":"https:\/\/fraynelson.com\/blog\/wp-json\/wp\/v2\/pages\/13533\/revisions\/13628"}],"up":[{"embeddable":true,"href":"https:\/\/fraynelson.com\/blog\/wp-json\/wp\/v2\/pages\/12257"}],"wp:attachment":[{"href":"https:\/\/fraynelson.com\/blog\/wp-json\/wp\/v2\/media?parent=13533"}],"curies":[{"name":"wp","href":"https:\/\/api.w.org\/{rel}","templated":true}]}}