{"id":12339,"date":"2011-10-31T11:04:05","date_gmt":"2011-10-31T16:04:05","guid":{"rendered":"http:\/\/fraynelson.com\/blog\/?page_id=12339"},"modified":"2012-01-20T22:18:15","modified_gmt":"2012-01-21T03:18:15","slug":"animales","status":"publish","type":"page","link":"https:\/\/fraynelson.com\/blog\/sabiduria\/animales\/","title":{"rendered":"Animales"},"content":{"rendered":"<p>Fuera del perro, un libro es probablemente el mejor amigo del hombre, y dentro del perro probablemente est\u00e1 demasiado oscuro para leer. \u2013 Groucho Marx<\/p>\n<p>Los perros que se pelean entre ellos, se unen contra los lobos. \u2013 Proverbio armenio<\/p>\n<p>Porque la tortuga tiene los pies seguros, \u00bfes \u00e9sta una raz\u00f3n para cortar las alas al \u00e1guila? \u2013 Edgar Allan Poe<\/p>\n<p>Si yo prefiero los gatos a los perros es porque no hay gatos polic\u00edas. \u2013 Jean Cocteau<\/p>\n<p>Los perros nos miran como sus dioses, los caballos como sus iguales, pero los gatos nos miran como sus s\u00fabditos. \u2013 Winston Churchill<\/p>\n<p>Un pa\u00eds, una civilizaci\u00f3n se puede juzgar por la forma en que trata a sus animales. \u2013 Mahatma Gandhi<\/p>\n<p>Todos los hombres son dioses para su perro. Por eso hay gente que ama m\u00e1s a sus perros que a los hombres. \u2013 Aldous Huxley<\/p>\n<p>El gato no nos acaricia, se acaricia contra nosotros. \u2013 Conde de Rivarol<\/p>\n<p>Dos perros pueden matar a un le\u00f3n. \u2013 Proverbio hebreo<\/p>\n<p>No importa lo elocuente que ladre un perro; nunca podr\u00e1 decirte que sus padres fueron pobres pero honestos. \u2013 Bertrand Russell<\/p>\n<p><i>Deseas m\u00e1s <a href=\"https:\/\/fraynelson.com\/blog\/sabiduria\/\" title=\"Un Sorbo de Sabiduria\">sorbos de sabidur\u00eda<\/a>?<\/i><\/p>\n","protected":false},"excerpt":{"rendered":"<p>Fuera del perro, un libro es probablemente el mejor amigo del hombre, y dentro del perro probablemente est\u00e1 demasiado oscuro para leer. \u2013 Groucho Marx Los perros que se pelean entre ellos, se unen contra los lobos. \u2013 Proverbio armenio Porque la tortuga tiene los pies seguros, \u00bfes \u00e9sta una raz\u00f3n para cortar las alas &hellip; <\/p>\n<p class=\"link-more\"><a href=\"https:\/\/fraynelson.com\/blog\/sabiduria\/animales\/\" class=\"more-link\">Continuar leyendo<span class=\"screen-reader-text\"> &#8220;Animales&#8221;<\/span><\/a><\/p>\n","protected":false},"author":1138,"featured_media":0,"parent":12257,"menu_order":0,"comment_status":"closed","ping_status":"closed","template":"","meta":{"footnotes":""},"class_list":["post-12339","page","type-page","status-publish","hentry"],"_links":{"self":[{"href":"https:\/\/fraynelson.com\/blog\/wp-json\/wp\/v2\/pages\/12339","targetHints":{"allow":["GET"]}}],"collection":[{"href":"https:\/\/fraynelson.com\/blog\/wp-json\/wp\/v2\/pages"}],"about":[{"href":"https:\/\/fraynelson.com\/blog\/wp-json\/wp\/v2\/types\/page"}],"author":[{"embeddable":true,"href":"https:\/\/fraynelson.com\/blog\/wp-json\/wp\/v2\/users\/1138"}],"replies":[{"embeddable":true,"href":"https:\/\/fraynelson.com\/blog\/wp-json\/wp\/v2\/comments?post=12339"}],"version-history":[{"count":5,"href":"https:\/\/fraynelson.com\/blog\/wp-json\/wp\/v2\/pages\/12339\/revisions"}],"predecessor-version":[{"id":13348,"href":"https:\/\/fraynelson.com\/blog\/wp-json\/wp\/v2\/pages\/12339\/revisions\/13348"}],"up":[{"embeddable":true,"href":"https:\/\/fraynelson.com\/blog\/wp-json\/wp\/v2\/pages\/12257"}],"wp:attachment":[{"href":"https:\/\/fraynelson.com\/blog\/wp-json\/wp\/v2\/media?parent=12339"}],"curies":[{"name":"wp","href":"https:\/\/api.w.org\/{rel}","templated":true}]}}