{"id":12323,"date":"2011-10-31T11:27:28","date_gmt":"2011-10-31T16:27:28","guid":{"rendered":"http:\/\/fraynelson.com\/blog\/?page_id=12323"},"modified":"2011-12-31T19:14:01","modified_gmt":"2012-01-01T00:14:01","slug":"libros-y-literatura","status":"publish","type":"page","link":"https:\/\/fraynelson.com\/blog\/sabiduria\/libros-y-literatura\/","title":{"rendered":"Libros y Literatura"},"content":{"rendered":"<p>Nunca escribo mi nombre en los libros que compro hasta despu\u00e9s de haberlos le\u00eddo, porque s\u00f3lo entonces puedo llamarlos m\u00edos. &#8211; Carlo Dossi<\/p>\n<p>Un libro es como un jard\u00edn que se lleva en el bolsillo. &#8211; Proverbio \u00e1rabe<\/p>\n<p>Ante ciertos libros, uno se pregunta: \u00bfqui\u00e9n los leer\u00e1? Y ante ciertas personas uno se pregunta: \u00bfqu\u00e9 leer\u00e1n? Y al fin, libros y personas se encuentran. &#8211; Andr\u00e9 Gide<\/p>\n<p>Los libros tienen los mismos enemigos que el hombre: el fuego, la humedad, los animales, el tiempo y su propio contenido. &#8211; Paul Ambroise Val\u00e9ry<\/p>\n<p>Todos los libros pueden dividirse en dos clases: libros del momento y libros de todo momento. &#8211; John Ruskin<\/p>\n<p>En muchas ocasiones la lectura de un libro ha hecho la fortuna de un hombre, decidiendo el curso de su vida. \u2013 Ralph Waldo Emerson<\/p>\n<p>All\u00ed donde se queman los libros, se acaba por quemar a los hombres. \u2013 Heinrich Heine<\/p>\n<p>Libros, caminos y d\u00edas dan al hombre sabidur\u00eda. \u2013 Proverbio \u00e1rabe<\/p>\n<p>Los libros no se han hecho para servir de adorno: sin embargo, nada hay que embellezca tanto como ellos en el interior del hogar. \u2013 Harriet Beecher Stowe<\/p>\n<p>El regalo de un libro, adem\u00e1s de obsequio, es un delicado elogio. \u2013 An\u00f3nimo<\/p>\n<p>Un libro abierto es un cerebro que habla; cerrado un amigo que espera; olvidado, un alma que perdona; destruido, un coraz\u00f3n que llora. \u2013 Proverbio hind\u00fa<\/p>\n<p>Los libros son, entre mis consejeros, los que m\u00e1s me agradan, porque ni el temor ni la esperanza les impiden decirme lo que debo hacer. \u2013 Alfonso V el Magn\u00e1nimo<\/p>\n<p>Siempre imagin\u00e9 que el Para\u00edso ser\u00eda alg\u00fan tipo de biblioteca. \u2013 Jorge Luis Borges<\/p>\n<p>Cuando oigo que un hombre tiene el h\u00e1bito de la lectura, estoy predispuesto a pensar bien de \u00e9l. \u2013 Nicol\u00e1s de Avellaneda<\/p>\n<p>No existen m\u00e1s que dos reglas para escribir: tener algo que decir y decirlo. \u2013 Oscar Wilde<\/p>\n<p><i>Deseas m\u00e1s <a href=\"https:\/\/fraynelson.com\/blog\/sabiduria\/\" title=\"Un Sorbo de Sabiduria\">sorbos de sabidur\u00eda<\/a>?<\/i><\/p>\n","protected":false},"excerpt":{"rendered":"<p>Nunca escribo mi nombre en los libros que compro hasta despu\u00e9s de haberlos le\u00eddo, porque s\u00f3lo entonces puedo llamarlos m\u00edos. &#8211; Carlo Dossi Un libro es como un jard\u00edn que se lleva en el bolsillo. &#8211; Proverbio \u00e1rabe Ante ciertos libros, uno se pregunta: \u00bfqui\u00e9n los leer\u00e1? Y ante ciertas personas uno se pregunta: \u00bfqu\u00e9 &hellip; <\/p>\n<p class=\"link-more\"><a href=\"https:\/\/fraynelson.com\/blog\/sabiduria\/libros-y-literatura\/\" class=\"more-link\">Continuar leyendo<span class=\"screen-reader-text\"> &#8220;Libros y Literatura&#8221;<\/span><\/a><\/p>\n","protected":false},"author":1138,"featured_media":0,"parent":12257,"menu_order":0,"comment_status":"closed","ping_status":"closed","template":"","meta":{"footnotes":""},"class_list":["post-12323","page","type-page","status-publish","hentry"],"_links":{"self":[{"href":"https:\/\/fraynelson.com\/blog\/wp-json\/wp\/v2\/pages\/12323","targetHints":{"allow":["GET"]}}],"collection":[{"href":"https:\/\/fraynelson.com\/blog\/wp-json\/wp\/v2\/pages"}],"about":[{"href":"https:\/\/fraynelson.com\/blog\/wp-json\/wp\/v2\/types\/page"}],"author":[{"embeddable":true,"href":"https:\/\/fraynelson.com\/blog\/wp-json\/wp\/v2\/users\/1138"}],"replies":[{"embeddable":true,"href":"https:\/\/fraynelson.com\/blog\/wp-json\/wp\/v2\/comments?post=12323"}],"version-history":[{"count":5,"href":"https:\/\/fraynelson.com\/blog\/wp-json\/wp\/v2\/pages\/12323\/revisions"}],"predecessor-version":[{"id":13099,"href":"https:\/\/fraynelson.com\/blog\/wp-json\/wp\/v2\/pages\/12323\/revisions\/13099"}],"up":[{"embeddable":true,"href":"https:\/\/fraynelson.com\/blog\/wp-json\/wp\/v2\/pages\/12257"}],"wp:attachment":[{"href":"https:\/\/fraynelson.com\/blog\/wp-json\/wp\/v2\/media?parent=12323"}],"curies":[{"name":"wp","href":"https:\/\/api.w.org\/{rel}","templated":true}]}}