{"id":12278,"date":"2011-10-31T11:25:20","date_gmt":"2011-10-31T16:25:20","guid":{"rendered":"http:\/\/fraynelson.com\/blog\/?page_id=12278"},"modified":"2011-10-31T20:04:26","modified_gmt":"2011-11-01T01:04:26","slug":"decisiones","status":"publish","type":"page","link":"https:\/\/fraynelson.com\/blog\/sabiduria\/decisiones\/","title":{"rendered":"Decisiones"},"content":{"rendered":"<p>Algunas veces hay que decidirse entre una cosa a la que se est\u00e1 acostumbrado y otra que nos gustar\u00eda conocer. \u2013 Paulo Coelho<\/p>\n<p>Cuando tiene que decidir el coraz\u00f3n es mejor que decida la cabeza. \u2013 Enrique Jardiel Poncela<\/p>\n<p>Evitad las decisiones desesperadas; pasar\u00e1 el d\u00eda m\u00e1s tenebroso si ten\u00e9is valor para vivir hasta el d\u00eda siguiente. \u2013 William Cowper<\/p>\n<p>El hombre que pretende verlo todo con claridad antes de decidir nunca decide. \u2013 Henry F. Amiel<\/p>\n<p>En mi casa mando yo, pero mi mujer toma las decisiones. \u2013 Woody Allen<\/p>\n<p>Escoger un camino significaba abandonar otros. \u2013 Paulo Coelho<\/p>\n<p>Cuando debemos hacer una elecci\u00f3n y no la hacemos, esto ya es una elecci\u00f3n. \u2013 William James<\/p>\n<p>No hay mejor medida de lo que una persona es que lo que hace cuando tiene completa libertad de elegir. \u2013 William M. Bulger<\/p>\n<p>Si ya sabes lo que tienes que hacer y no lo haces entonces est\u00e1s peor que antes. \u2013 Confucio<\/p>\n<p>A veces sentimos que lo que hacemos es tan solo una gota en el mar, pero el mar ser\u00eda menos si le faltara una gota. \u2013 Madre Teresa de Calcuta<\/p>\n<p><i>Deseas m\u00e1s <a href=\"https:\/\/fraynelson.com\/blog\/sabiduria\/\" title=\"Un Sorbo de Sabiduria\">sorbos de sabidur\u00eda<\/a>?<\/i><\/p>\n","protected":false},"excerpt":{"rendered":"<p>Algunas veces hay que decidirse entre una cosa a la que se est\u00e1 acostumbrado y otra que nos gustar\u00eda conocer. \u2013 Paulo Coelho Cuando tiene que decidir el coraz\u00f3n es mejor que decida la cabeza. \u2013 Enrique Jardiel Poncela Evitad las decisiones desesperadas; pasar\u00e1 el d\u00eda m\u00e1s tenebroso si ten\u00e9is valor para vivir hasta el &hellip; <\/p>\n<p class=\"link-more\"><a href=\"https:\/\/fraynelson.com\/blog\/sabiduria\/decisiones\/\" class=\"more-link\">Continuar leyendo<span class=\"screen-reader-text\"> &#8220;Decisiones&#8221;<\/span><\/a><\/p>\n","protected":false},"author":1138,"featured_media":0,"parent":12257,"menu_order":0,"comment_status":"closed","ping_status":"closed","template":"","meta":{"footnotes":""},"class_list":["post-12278","page","type-page","status-publish","hentry"],"_links":{"self":[{"href":"https:\/\/fraynelson.com\/blog\/wp-json\/wp\/v2\/pages\/12278","targetHints":{"allow":["GET"]}}],"collection":[{"href":"https:\/\/fraynelson.com\/blog\/wp-json\/wp\/v2\/pages"}],"about":[{"href":"https:\/\/fraynelson.com\/blog\/wp-json\/wp\/v2\/types\/page"}],"author":[{"embeddable":true,"href":"https:\/\/fraynelson.com\/blog\/wp-json\/wp\/v2\/users\/1138"}],"replies":[{"embeddable":true,"href":"https:\/\/fraynelson.com\/blog\/wp-json\/wp\/v2\/comments?post=12278"}],"version-history":[{"count":3,"href":"https:\/\/fraynelson.com\/blog\/wp-json\/wp\/v2\/pages\/12278\/revisions"}],"predecessor-version":[{"id":12383,"href":"https:\/\/fraynelson.com\/blog\/wp-json\/wp\/v2\/pages\/12278\/revisions\/12383"}],"up":[{"embeddable":true,"href":"https:\/\/fraynelson.com\/blog\/wp-json\/wp\/v2\/pages\/12257"}],"wp:attachment":[{"href":"https:\/\/fraynelson.com\/blog\/wp-json\/wp\/v2\/media?parent=12278"}],"curies":[{"name":"wp","href":"https:\/\/api.w.org\/{rel}","templated":true}]}}