{"id":12271,"date":"2011-10-31T10:38:06","date_gmt":"2011-10-31T15:38:06","guid":{"rendered":"http:\/\/fraynelson.com\/blog\/?page_id=12271"},"modified":"2011-10-31T20:09:27","modified_gmt":"2011-11-01T01:09:27","slug":"leyes","status":"publish","type":"page","link":"https:\/\/fraynelson.com\/blog\/sabiduria\/leyes\/","title":{"rendered":"Leyes"},"content":{"rendered":"<p>\u00a1Triste \u00e9poca la nuestra! Es m\u00e1s f\u00e1cil desintegrar un \u00e1tomo que un prejuicio. \u2013 Albert Einstein<\/p>\n<p>Ganamos justicia m\u00e1s r\u00e1pidamente si hacemos justicia a la parte contraria. \u2013 Mahatma Gandhi<\/p>\n<p>Cuatro caracter\u00edsticas corresponden al juez: Escuchar cort\u00e9smente, responder sabiamente, ponderar prudentemente y decidir imparcialmente. \u2013 S\u00f3crates<\/p>\n<p>Muchas veces las leyes son como las telara\u00f1as: los insectos peque\u00f1os quedan prendidos en ellas; los grandes la rompen. \u2013 Anacarsis<\/p>\n<p>De todas las virtudes, la m\u00e1s dif\u00edcil y rara es la justicia. Por cada justo se encuentran diez generosos. \u2013 Franz Grillparzer<\/p>\n<p>Muchas veces las leyes son como las telara\u00f1as: los insectos peque\u00f1os quedan prendidos en ellas; los grandes la rompen. \u2013 Anacarsis<\/p>\n<p>Cuando los hombres son puros, las leyes son in\u00fatiles; cuando son corruptos, las leyes se rompen. \u2013 Benjamin Disraeli<\/p>\n<p>La multitud de leyes frecuentemente presta excusas a los vicios. \u2013 Ren\u00e9 Descartes<\/p>\n<p>El buen juez no ha de torcer las leyes a su condici\u00f3n, sino torcer su condici\u00f3n conforme a las leyes. \u2013 Fray Antonio de Guevara<\/p>\n<p>Todas las leyes que se dictan tienen por base la desconfianza; ninguna descansa en la virtud de los ciudadanos. \u2013 \u00c9douard Ren\u00e9 Lefebvre de Laboulaye<\/p>\n<p><i>Deseas m\u00e1s <a href=\"https:\/\/fraynelson.com\/blog\/sabiduria\/\" title=\"Un Sorbo de Sabiduria\">sorbos de sabidur\u00eda<\/a>?<\/i><\/p>\n","protected":false},"excerpt":{"rendered":"<p>\u00a1Triste \u00e9poca la nuestra! Es m\u00e1s f\u00e1cil desintegrar un \u00e1tomo que un prejuicio. \u2013 Albert Einstein Ganamos justicia m\u00e1s r\u00e1pidamente si hacemos justicia a la parte contraria. \u2013 Mahatma Gandhi Cuatro caracter\u00edsticas corresponden al juez: Escuchar cort\u00e9smente, responder sabiamente, ponderar prudentemente y decidir imparcialmente. \u2013 S\u00f3crates Muchas veces las leyes son como las telara\u00f1as: los &hellip; <\/p>\n<p class=\"link-more\"><a href=\"https:\/\/fraynelson.com\/blog\/sabiduria\/leyes\/\" class=\"more-link\">Continuar leyendo<span class=\"screen-reader-text\"> &#8220;Leyes&#8221;<\/span><\/a><\/p>\n","protected":false},"author":1138,"featured_media":0,"parent":12257,"menu_order":0,"comment_status":"closed","ping_status":"closed","template":"","meta":{"footnotes":""},"class_list":["post-12271","page","type-page","status-publish","hentry"],"_links":{"self":[{"href":"https:\/\/fraynelson.com\/blog\/wp-json\/wp\/v2\/pages\/12271","targetHints":{"allow":["GET"]}}],"collection":[{"href":"https:\/\/fraynelson.com\/blog\/wp-json\/wp\/v2\/pages"}],"about":[{"href":"https:\/\/fraynelson.com\/blog\/wp-json\/wp\/v2\/types\/page"}],"author":[{"embeddable":true,"href":"https:\/\/fraynelson.com\/blog\/wp-json\/wp\/v2\/users\/1138"}],"replies":[{"embeddable":true,"href":"https:\/\/fraynelson.com\/blog\/wp-json\/wp\/v2\/comments?post=12271"}],"version-history":[{"count":3,"href":"https:\/\/fraynelson.com\/blog\/wp-json\/wp\/v2\/pages\/12271\/revisions"}],"predecessor-version":[{"id":12395,"href":"https:\/\/fraynelson.com\/blog\/wp-json\/wp\/v2\/pages\/12271\/revisions\/12395"}],"up":[{"embeddable":true,"href":"https:\/\/fraynelson.com\/blog\/wp-json\/wp\/v2\/pages\/12257"}],"wp:attachment":[{"href":"https:\/\/fraynelson.com\/blog\/wp-json\/wp\/v2\/media?parent=12271"}],"curies":[{"name":"wp","href":"https:\/\/api.w.org\/{rel}","templated":true}]}}