{"id":12270,"date":"2011-10-31T10:36:44","date_gmt":"2011-10-31T15:36:44","guid":{"rendered":"http:\/\/fraynelson.com\/blog\/?page_id=12270"},"modified":"2011-10-31T20:10:38","modified_gmt":"2011-11-01T01:10:38","slug":"medicina","status":"publish","type":"page","link":"https:\/\/fraynelson.com\/blog\/sabiduria\/medicina\/","title":{"rendered":"Medicina"},"content":{"rendered":"<p>Los m\u00e9dicos trabajan para conservarnos la salud, y los cocineros para destruirla, pero estos \u00faltimos est\u00e1n m\u00e1s seguros de lograr su intento. \u2013 Denis Diderot<\/p>\n<p>Hay que tener cuidado con los libros de salud, podemos morir por culpa de una errata. \u2013 An\u00f3nima<\/p>\n<p>El arte de la medicina consiste en entretener al paciente mientras la naturaleza cura la enfermedad. \u2013 Voltaire<\/p>\n<p>La medicina es el arte de acompa\u00f1ar hasta el sepulcro con palabras griegas. \u2013 Enrique Jardiel Poncela (muri\u00f3 de 49 a\u00f1os)<\/p>\n<p>La gente quiere a los m\u00e9dicos que quieren a la gente; antes de ser un buen m\u00e9dico, s\u00e9 una buena persona. \u2013 An\u00f3nima<\/p>\n<p>Los mejores m\u00e9dicos del mundo son: el doctor dieta, el doctor reposo y el doctor alegr\u00eda. \u2013 Jonathan Swift<\/p>\n<p>El mejor m\u00e9dico es el que conoce la inutilidad de la mayor parte de las medicinas. \u2013 Benjamin Franklin<\/p>\n<p>El progreso de la medicina nos depara el fin de aquella \u00e9poca liberal en la que el hombre a\u00fan pod\u00eda morirse de lo que quer\u00eda. \u2013 Stanislaw Jerzy Lec<\/p>\n<p>Casi todos los m\u00e9dicos tienen sus enfermedades favoritas. \u2013 Henry Fielding<\/p>\n<p>Cuando una medicina no hace da\u00f1o deber\u00edamos alegrarnos y no exigir adem\u00e1s que sirva para algo. \u2013 Pierre Augustin de Beaumarchais<\/p>\n<p><i>Deseas m\u00e1s <a href=\"https:\/\/fraynelson.com\/blog\/sabiduria\/\" title=\"Un Sorbo de Sabiduria\">sorbos de sabidur\u00eda<\/a>?<\/i><\/p>\n","protected":false},"excerpt":{"rendered":"<p>Los m\u00e9dicos trabajan para conservarnos la salud, y los cocineros para destruirla, pero estos \u00faltimos est\u00e1n m\u00e1s seguros de lograr su intento. \u2013 Denis Diderot Hay que tener cuidado con los libros de salud, podemos morir por culpa de una errata. \u2013 An\u00f3nima El arte de la medicina consiste en entretener al paciente mientras la &hellip; <\/p>\n<p class=\"link-more\"><a href=\"https:\/\/fraynelson.com\/blog\/sabiduria\/medicina\/\" class=\"more-link\">Continuar leyendo<span class=\"screen-reader-text\"> &#8220;Medicina&#8221;<\/span><\/a><\/p>\n","protected":false},"author":1138,"featured_media":0,"parent":12257,"menu_order":0,"comment_status":"closed","ping_status":"closed","template":"","meta":{"footnotes":""},"class_list":["post-12270","page","type-page","status-publish","hentry"],"_links":{"self":[{"href":"https:\/\/fraynelson.com\/blog\/wp-json\/wp\/v2\/pages\/12270","targetHints":{"allow":["GET"]}}],"collection":[{"href":"https:\/\/fraynelson.com\/blog\/wp-json\/wp\/v2\/pages"}],"about":[{"href":"https:\/\/fraynelson.com\/blog\/wp-json\/wp\/v2\/types\/page"}],"author":[{"embeddable":true,"href":"https:\/\/fraynelson.com\/blog\/wp-json\/wp\/v2\/users\/1138"}],"replies":[{"embeddable":true,"href":"https:\/\/fraynelson.com\/blog\/wp-json\/wp\/v2\/comments?post=12270"}],"version-history":[{"count":3,"href":"https:\/\/fraynelson.com\/blog\/wp-json\/wp\/v2\/pages\/12270\/revisions"}],"predecessor-version":[{"id":12400,"href":"https:\/\/fraynelson.com\/blog\/wp-json\/wp\/v2\/pages\/12270\/revisions\/12400"}],"up":[{"embeddable":true,"href":"https:\/\/fraynelson.com\/blog\/wp-json\/wp\/v2\/pages\/12257"}],"wp:attachment":[{"href":"https:\/\/fraynelson.com\/blog\/wp-json\/wp\/v2\/media?parent=12270"}],"curies":[{"name":"wp","href":"https:\/\/api.w.org\/{rel}","templated":true}]}}